{"id":1164,"date":"2024-11-22T20:42:20","date_gmt":"2024-11-22T19:42:20","guid":{"rendered":"https:\/\/bulle-d-or.fr\/?page_id=1164"},"modified":"2024-11-22T20:49:23","modified_gmt":"2024-11-22T19:49:23","slug":"theme-hivernal","status":"publish","type":"page","link":"https:\/\/bulle-d-or.fr\/index.php\/theme-hivernal\/","title":{"rendered":"Th\u00e8me Hivernal"},"content":{"rendered":"\n<h2 class=\"wp-block-heading\">Vivez la magie de l&rsquo;Hiver<\/h2>\n\n\n\n<p>Vivez la magie de l\u2019hiver comme jamais auparavant avec <strong>Bulle d&rsquo;Or<\/strong> et plongez dans un d\u00e9cor f\u00e9\u00e9rique gr\u00e2ce \u00e0 la <strong>bulle transparente \u00e0 th\u00e8me hivernal<\/strong>. Profitez d\u2019un cocon chaleureux o\u00f9 la douceur des plaids et des peaux de b\u00eates vous invitent \u00e0 une escapade inoubliable. <\/p>\n\n\n\n<p>Th\u00e8me id\u00e9al pour une <a href=\"https:\/\/bulle-d-or.fr\/index.php\/tarifs\/#raclette\" data-type=\"link\" data-id=\"https:\/\/bulle-d-or.fr\/index.php\/tarifs\/#raclette\">raclette \u00e0 la bougie<\/a> sous Bulle<br><\/p>\n\n\n\n<figure class=\"wp-block-gallery has-nested-images columns-2 is-cropped wp-block-gallery-1 is-layout-flex wp-block-gallery-is-layout-flex\">\n<figure class=\"wp-block-image size-large\"><img loading=\"lazy\" decoding=\"async\" width=\"915\" height=\"1024\" data-id=\"1168\" src=\"https:\/\/bulle-d-or.fr\/wp-content\/uploads\/2024\/11\/IMG-20241122-WA00072-915x1024.jpg\" alt=\"\" class=\"wp-image-1168\" srcset=\"https:\/\/bulle-d-or.fr\/wp-content\/uploads\/2024\/11\/IMG-20241122-WA00072-915x1024.jpg 915w, https:\/\/bulle-d-or.fr\/wp-content\/uploads\/2024\/11\/IMG-20241122-WA00072-268x300.jpg 268w, https:\/\/bulle-d-or.fr\/wp-content\/uploads\/2024\/11\/IMG-20241122-WA00072-768x860.jpg 768w, https:\/\/bulle-d-or.fr\/wp-content\/uploads\/2024\/11\/IMG-20241122-WA00072-1372x1536.jpg 1372w, https:\/\/bulle-d-or.fr\/wp-content\/uploads\/2024\/11\/IMG-20241122-WA00072.jpg 1536w\" sizes=\"auto, (max-width: 915px) 100vw, 915px\" \/><\/figure>\n\n\n\n<figure class=\"wp-block-image size-large\"><img loading=\"lazy\" decoding=\"async\" width=\"886\" height=\"1024\" data-id=\"1167\" src=\"https:\/\/bulle-d-or.fr\/wp-content\/uploads\/2024\/11\/IMG-20241122-WA00032-886x1024.jpg\" alt=\"\" class=\"wp-image-1167\" srcset=\"https:\/\/bulle-d-or.fr\/wp-content\/uploads\/2024\/11\/IMG-20241122-WA00032-886x1024.jpg 886w, https:\/\/bulle-d-or.fr\/wp-content\/uploads\/2024\/11\/IMG-20241122-WA00032-260x300.jpg 260w, https:\/\/bulle-d-or.fr\/wp-content\/uploads\/2024\/11\/IMG-20241122-WA00032-768x888.jpg 768w, https:\/\/bulle-d-or.fr\/wp-content\/uploads\/2024\/11\/IMG-20241122-WA00032-1329x1536.jpg 1329w, https:\/\/bulle-d-or.fr\/wp-content\/uploads\/2024\/11\/IMG-20241122-WA00032.jpg 1536w\" sizes=\"auto, (max-width: 886px) 100vw, 886px\" \/><\/figure>\n\n\n\n<figure class=\"wp-block-image size-large\"><img loading=\"lazy\" decoding=\"async\" width=\"871\" height=\"1024\" data-id=\"1166\" src=\"https:\/\/bulle-d-or.fr\/wp-content\/uploads\/2024\/11\/IMG-20241122-WA00022-871x1024.jpg\" alt=\"\" class=\"wp-image-1166\" srcset=\"https:\/\/bulle-d-or.fr\/wp-content\/uploads\/2024\/11\/IMG-20241122-WA00022-871x1024.jpg 871w, https:\/\/bulle-d-or.fr\/wp-content\/uploads\/2024\/11\/IMG-20241122-WA00022-255x300.jpg 255w, https:\/\/bulle-d-or.fr\/wp-content\/uploads\/2024\/11\/IMG-20241122-WA00022-768x903.jpg 768w, https:\/\/bulle-d-or.fr\/wp-content\/uploads\/2024\/11\/IMG-20241122-WA00022-1306x1536.jpg 1306w, https:\/\/bulle-d-or.fr\/wp-content\/uploads\/2024\/11\/IMG-20241122-WA00022.jpg 1536w\" sizes=\"auto, (max-width: 871px) 100vw, 871px\" \/><\/figure>\n<\/figure>\n\n\n\n<p><\/p>\n\n\n\n<h2 class=\"wp-block-heading\">Carton d&rsquo;invitation Hiver<\/h2>\n\n\n\n<p>Nous vous offrons une carte d&rsquo;invitation personnalis\u00e9e num\u00e9rique \u00e0 envoyer \u00e0 vos convives<\/p>\n\n\n\n<figure class=\"wp-block-image aligncenter size-large\"><img loading=\"lazy\" decoding=\"async\" width=\"688\" height=\"1024\" src=\"https:\/\/bulle-d-or.fr\/wp-content\/uploads\/2024\/11\/IMG-20241111-WA0000-688x1024.jpg\" alt=\"\" class=\"wp-image-1171\" srcset=\"https:\/\/bulle-d-or.fr\/wp-content\/uploads\/2024\/11\/IMG-20241111-WA0000-688x1024.jpg 688w, https:\/\/bulle-d-or.fr\/wp-content\/uploads\/2024\/11\/IMG-20241111-WA0000-201x300.jpg 201w, https:\/\/bulle-d-or.fr\/wp-content\/uploads\/2024\/11\/IMG-20241111-WA0000-768x1144.jpg 768w, https:\/\/bulle-d-or.fr\/wp-content\/uploads\/2024\/11\/IMG-20241111-WA0000-1031x1536.jpg 1031w, https:\/\/bulle-d-or.fr\/wp-content\/uploads\/2024\/11\/IMG-20241111-WA0000.jpg 1081w\" sizes=\"auto, (max-width: 688px) 100vw, 688px\" \/><\/figure>\n\n\n\n<div class=\"wp-block-cover alignfull is-light\" style=\"padding-top:var(--wp--preset--spacing--medium);padding-right:30px;padding-bottom:0;padding-left:30px;min-height:284px;aspect-ratio:unset;\"><span aria-hidden=\"true\" class=\"wp-block-cover__background has-background-dim-0 has-background-dim\"><\/span><img loading=\"lazy\" decoding=\"async\" width=\"485\" height=\"212\" class=\"wp-block-cover__image-background wp-image-373\" alt=\"\" src=\"https:\/\/bulle-d-or.fr\/wp-content\/uploads\/2024\/03\/fdc1c5-4.png\" data-object-fit=\"cover\" srcset=\"https:\/\/bulle-d-or.fr\/wp-content\/uploads\/2024\/03\/fdc1c5-4.png 485w, https:\/\/bulle-d-or.fr\/wp-content\/uploads\/2024\/03\/fdc1c5-4-300x131.png 300w\" sizes=\"auto, (max-width: 485px) 100vw, 485px\" \/><div class=\"wp-block-cover__inner-container is-layout-flow wp-block-cover-is-layout-flow\">\n<div class=\"wp-block-group alignfull gutenify-section-f9593890-d092-11ed-8ce7-6b0c7b3708f0 is-layout-constrained wp-block-group-is-layout-constrained\">\n<div class=\"wp-block-columns are-vertically-aligned-center gutenify-section-f958ea70-d092-11ed-8ce7-6b0c7b3708f0 is-layout-flex wp-container-core-columns-is-layout-7e464bea wp-block-columns-is-layout-flex\">\n<div class=\"wp-block-column is-vertically-aligned-center gutenify-section-f95763d0-d092-11ed-8ce7-6b0c7b3708f0 is-layout-flow wp-block-column-is-layout-flow\" style=\"flex-basis:75%\">\n<div class=\"wp-block-group gutenify-section-f9567970-d092-11ed-8ce7-6b0c7b3708f0 is-layout-flow wp-block-group-is-layout-flow\">\n<h2 class=\"wp-block-heading has-text-align-left animated animated-fadeInUp has-white-color has-text-color has-slider-title-font-size\"><strong>Pr\u00eats \u00c0 Cr\u00e9er Des Souvenirs M\u00e9morables ?<\/strong><\/h2>\n<\/div>\n<\/div>\n\n\n\n<div class=\"wp-block-column is-vertically-aligned-center gutenify-section-f9589c50-d092-11ed-8ce7-6b0c7b3708f0 is-layout-flow wp-block-column-is-layout-flow\" style=\"flex-basis:25%\">\n<div class=\"wp-block-buttons  animated animated-fadeInUp is-content-justification-right is-layout-flex wp-container-core-buttons-is-layout-d445cf74 wp-block-buttons-is-layout-flex\">\n<div class=\"wp-block-button\"><a class=\"wp-block-button__link wp-element-button\" href=\"https:\/\/bulle-d-or.fr\/index.php\/contactez-nous\/\">Contactez-nous<\/a><\/div>\n<\/div>\n<\/div>\n<\/div>\n<\/div>\n<\/div><\/div>\n","protected":false},"excerpt":{"rendered":"<p>Vivez la magie de l&rsquo;Hiver Vivez la magie de l\u2019hiver comme jamais auparavant avec Bulle [&hellip;]<\/p>\n","protected":false},"author":1,"featured_media":0,"parent":0,"menu_order":0,"comment_status":"closed","ping_status":"closed","template":"","meta":{"footnotes":""},"class_list":["post-1164","page","type-page","status-publish","hentry"],"yoast_head":"<!-- This site is optimized with the Yoast SEO plugin v27.5 - https:\/\/yoast.com\/product\/yoast-seo-wordpress\/ -->\n<title>Th\u00e8me Hivernal - Bulle Or<\/title>\n<meta name=\"robots\" content=\"index, follow, max-snippet:-1, max-image-preview:large, max-video-preview:-1\" \/>\n<link rel=\"canonical\" href=\"https:\/\/bulle-d-or.fr\/index.php\/theme-hivernal\/\" \/>\n<meta property=\"og:locale\" content=\"fr_FR\" \/>\n<meta property=\"og:type\" content=\"article\" \/>\n<meta property=\"og:title\" content=\"Th\u00e8me Hivernal - Bulle Or\" \/>\n<meta property=\"og:description\" content=\"Vivez la magie de l&rsquo;Hiver Vivez la magie de l\u2019hiver comme jamais auparavant avec Bulle [&hellip;]\" \/>\n<meta property=\"og:url\" content=\"https:\/\/bulle-d-or.fr\/index.php\/theme-hivernal\/\" \/>\n<meta property=\"og:site_name\" content=\"Bulle Or\" \/>\n<meta property=\"article:modified_time\" content=\"2024-11-22T19:49:23+00:00\" \/>\n<meta property=\"og:image\" content=\"https:\/\/bulle-d-or.fr\/wp-content\/uploads\/2024\/11\/IMG-20241122-WA00072.jpg\" \/>\n\t<meta property=\"og:image:width\" content=\"1536\" \/>\n\t<meta property=\"og:image:height\" content=\"1719\" \/>\n\t<meta property=\"og:image:type\" content=\"image\/jpeg\" \/>\n<meta name=\"twitter:card\" content=\"summary_large_image\" \/>\n<script type=\"application\/ld+json\" class=\"yoast-schema-graph\">{\"@context\":\"https:\\\/\\\/schema.org\",\"@graph\":[{\"@type\":\"WebPage\",\"@id\":\"https:\\\/\\\/bulle-d-or.fr\\\/index.php\\\/theme-hivernal\\\/\",\"url\":\"https:\\\/\\\/bulle-d-or.fr\\\/index.php\\\/theme-hivernal\\\/\",\"name\":\"Th\u00e8me Hivernal - Bulle Or\",\"isPartOf\":{\"@id\":\"https:\\\/\\\/bulle-d-or.fr\\\/#website\"},\"primaryImageOfPage\":{\"@id\":\"https:\\\/\\\/bulle-d-or.fr\\\/index.php\\\/theme-hivernal\\\/#primaryimage\"},\"image\":{\"@id\":\"https:\\\/\\\/bulle-d-or.fr\\\/index.php\\\/theme-hivernal\\\/#primaryimage\"},\"thumbnailUrl\":\"https:\\\/\\\/bulle-d-or.fr\\\/wp-content\\\/uploads\\\/2024\\\/11\\\/IMG-20241122-WA00072-915x1024.jpg\",\"datePublished\":\"2024-11-22T19:42:20+00:00\",\"dateModified\":\"2024-11-22T19:49:23+00:00\",\"breadcrumb\":{\"@id\":\"https:\\\/\\\/bulle-d-or.fr\\\/index.php\\\/theme-hivernal\\\/#breadcrumb\"},\"inLanguage\":\"fr-FR\",\"potentialAction\":[{\"@type\":\"ReadAction\",\"target\":[\"https:\\\/\\\/bulle-d-or.fr\\\/index.php\\\/theme-hivernal\\\/\"]}]},{\"@type\":\"ImageObject\",\"inLanguage\":\"fr-FR\",\"@id\":\"https:\\\/\\\/bulle-d-or.fr\\\/index.php\\\/theme-hivernal\\\/#primaryimage\",\"url\":\"https:\\\/\\\/bulle-d-or.fr\\\/wp-content\\\/uploads\\\/2024\\\/11\\\/IMG-20241122-WA00072.jpg\",\"contentUrl\":\"https:\\\/\\\/bulle-d-or.fr\\\/wp-content\\\/uploads\\\/2024\\\/11\\\/IMG-20241122-WA00072.jpg\",\"width\":1536,\"height\":1719},{\"@type\":\"BreadcrumbList\",\"@id\":\"https:\\\/\\\/bulle-d-or.fr\\\/index.php\\\/theme-hivernal\\\/#breadcrumb\",\"itemListElement\":[{\"@type\":\"ListItem\",\"position\":1,\"name\":\"Home\",\"item\":\"https:\\\/\\\/bulle-d-or.fr\\\/\"},{\"@type\":\"ListItem\",\"position\":2,\"name\":\"Th\u00e8me Hivernal\"}]},{\"@type\":\"WebSite\",\"@id\":\"https:\\\/\\\/bulle-d-or.fr\\\/#website\",\"url\":\"https:\\\/\\\/bulle-d-or.fr\\\/\",\"name\":\"Bulle Or\",\"description\":\"Activit\u00e9 insolite de Pique-Nique Chic sous Bulle Transparente dans le Gr\u00e9sivaudan pr\u00e9s de Grenoble\",\"publisher\":{\"@id\":\"https:\\\/\\\/bulle-d-or.fr\\\/#organization\"},\"alternateName\":\"Exp\u00e9rience de Pique-Nique Chic sous Bulle Transparente dans le Gr\u00e9sivaudan\",\"potentialAction\":[{\"@type\":\"SearchAction\",\"target\":{\"@type\":\"EntryPoint\",\"urlTemplate\":\"https:\\\/\\\/bulle-d-or.fr\\\/?s={search_term_string}\"},\"query-input\":{\"@type\":\"PropertyValueSpecification\",\"valueRequired\":true,\"valueName\":\"search_term_string\"}}],\"inLanguage\":\"fr-FR\"},{\"@type\":\"Organization\",\"@id\":\"https:\\\/\\\/bulle-d-or.fr\\\/#organization\",\"name\":\"Bulle Or\",\"url\":\"https:\\\/\\\/bulle-d-or.fr\\\/\",\"logo\":{\"@type\":\"ImageObject\",\"inLanguage\":\"fr-FR\",\"@id\":\"https:\\\/\\\/bulle-d-or.fr\\\/#\\\/schema\\\/logo\\\/image\\\/\",\"url\":\"https:\\\/\\\/bulle-d-or.fr\\\/wp-content\\\/uploads\\\/2024\\\/02\\\/bulle-d-or.png\",\"contentUrl\":\"https:\\\/\\\/bulle-d-or.fr\\\/wp-content\\\/uploads\\\/2024\\\/02\\\/bulle-d-or.png\",\"width\":927,\"height\":343,\"caption\":\"Bulle Or\"},\"image\":{\"@id\":\"https:\\\/\\\/bulle-d-or.fr\\\/#\\\/schema\\\/logo\\\/image\\\/\"}}]}<\/script>\n<!-- \/ Yoast SEO plugin. -->","yoast_head_json":{"title":"Th\u00e8me Hivernal - Bulle Or","robots":{"index":"index","follow":"follow","max-snippet":"max-snippet:-1","max-image-preview":"max-image-preview:large","max-video-preview":"max-video-preview:-1"},"canonical":"https:\/\/bulle-d-or.fr\/index.php\/theme-hivernal\/","og_locale":"fr_FR","og_type":"article","og_title":"Th\u00e8me Hivernal - Bulle Or","og_description":"Vivez la magie de l&rsquo;Hiver Vivez la magie de l\u2019hiver comme jamais auparavant avec Bulle [&hellip;]","og_url":"https:\/\/bulle-d-or.fr\/index.php\/theme-hivernal\/","og_site_name":"Bulle Or","article_modified_time":"2024-11-22T19:49:23+00:00","og_image":[{"width":1536,"height":1719,"url":"https:\/\/bulle-d-or.fr\/wp-content\/uploads\/2024\/11\/IMG-20241122-WA00072.jpg","type":"image\/jpeg"}],"twitter_card":"summary_large_image","schema":{"@context":"https:\/\/schema.org","@graph":[{"@type":"WebPage","@id":"https:\/\/bulle-d-or.fr\/index.php\/theme-hivernal\/","url":"https:\/\/bulle-d-or.fr\/index.php\/theme-hivernal\/","name":"Th\u00e8me Hivernal - Bulle Or","isPartOf":{"@id":"https:\/\/bulle-d-or.fr\/#website"},"primaryImageOfPage":{"@id":"https:\/\/bulle-d-or.fr\/index.php\/theme-hivernal\/#primaryimage"},"image":{"@id":"https:\/\/bulle-d-or.fr\/index.php\/theme-hivernal\/#primaryimage"},"thumbnailUrl":"https:\/\/bulle-d-or.fr\/wp-content\/uploads\/2024\/11\/IMG-20241122-WA00072-915x1024.jpg","datePublished":"2024-11-22T19:42:20+00:00","dateModified":"2024-11-22T19:49:23+00:00","breadcrumb":{"@id":"https:\/\/bulle-d-or.fr\/index.php\/theme-hivernal\/#breadcrumb"},"inLanguage":"fr-FR","potentialAction":[{"@type":"ReadAction","target":["https:\/\/bulle-d-or.fr\/index.php\/theme-hivernal\/"]}]},{"@type":"ImageObject","inLanguage":"fr-FR","@id":"https:\/\/bulle-d-or.fr\/index.php\/theme-hivernal\/#primaryimage","url":"https:\/\/bulle-d-or.fr\/wp-content\/uploads\/2024\/11\/IMG-20241122-WA00072.jpg","contentUrl":"https:\/\/bulle-d-or.fr\/wp-content\/uploads\/2024\/11\/IMG-20241122-WA00072.jpg","width":1536,"height":1719},{"@type":"BreadcrumbList","@id":"https:\/\/bulle-d-or.fr\/index.php\/theme-hivernal\/#breadcrumb","itemListElement":[{"@type":"ListItem","position":1,"name":"Home","item":"https:\/\/bulle-d-or.fr\/"},{"@type":"ListItem","position":2,"name":"Th\u00e8me Hivernal"}]},{"@type":"WebSite","@id":"https:\/\/bulle-d-or.fr\/#website","url":"https:\/\/bulle-d-or.fr\/","name":"Bulle Or","description":"Activit\u00e9 insolite de Pique-Nique Chic sous Bulle Transparente dans le Gr\u00e9sivaudan pr\u00e9s de Grenoble","publisher":{"@id":"https:\/\/bulle-d-or.fr\/#organization"},"alternateName":"Exp\u00e9rience de Pique-Nique Chic sous Bulle Transparente dans le Gr\u00e9sivaudan","potentialAction":[{"@type":"SearchAction","target":{"@type":"EntryPoint","urlTemplate":"https:\/\/bulle-d-or.fr\/?s={search_term_string}"},"query-input":{"@type":"PropertyValueSpecification","valueRequired":true,"valueName":"search_term_string"}}],"inLanguage":"fr-FR"},{"@type":"Organization","@id":"https:\/\/bulle-d-or.fr\/#organization","name":"Bulle Or","url":"https:\/\/bulle-d-or.fr\/","logo":{"@type":"ImageObject","inLanguage":"fr-FR","@id":"https:\/\/bulle-d-or.fr\/#\/schema\/logo\/image\/","url":"https:\/\/bulle-d-or.fr\/wp-content\/uploads\/2024\/02\/bulle-d-or.png","contentUrl":"https:\/\/bulle-d-or.fr\/wp-content\/uploads\/2024\/02\/bulle-d-or.png","width":927,"height":343,"caption":"Bulle Or"},"image":{"@id":"https:\/\/bulle-d-or.fr\/#\/schema\/logo\/image\/"}}]}},"_links":{"self":[{"href":"https:\/\/bulle-d-or.fr\/index.php\/wp-json\/wp\/v2\/pages\/1164","targetHints":{"allow":["GET"]}}],"collection":[{"href":"https:\/\/bulle-d-or.fr\/index.php\/wp-json\/wp\/v2\/pages"}],"about":[{"href":"https:\/\/bulle-d-or.fr\/index.php\/wp-json\/wp\/v2\/types\/page"}],"author":[{"embeddable":true,"href":"https:\/\/bulle-d-or.fr\/index.php\/wp-json\/wp\/v2\/users\/1"}],"replies":[{"embeddable":true,"href":"https:\/\/bulle-d-or.fr\/index.php\/wp-json\/wp\/v2\/comments?post=1164"}],"version-history":[{"count":6,"href":"https:\/\/bulle-d-or.fr\/index.php\/wp-json\/wp\/v2\/pages\/1164\/revisions"}],"predecessor-version":[{"id":1180,"href":"https:\/\/bulle-d-or.fr\/index.php\/wp-json\/wp\/v2\/pages\/1164\/revisions\/1180"}],"wp:attachment":[{"href":"https:\/\/bulle-d-or.fr\/index.php\/wp-json\/wp\/v2\/media?parent=1164"}],"curies":[{"name":"wp","href":"https:\/\/api.w.org\/{rel}","templated":true}]}}