{"id":717,"date":"2024-04-04T20:49:08","date_gmt":"2024-04-04T18:49:08","guid":{"rendered":"https:\/\/bulle-d-or.fr\/?page_id=717"},"modified":"2025-02-20T13:55:34","modified_gmt":"2025-02-20T12:55:34","slug":"lieux-prives","status":"publish","type":"page","link":"https:\/\/bulle-d-or.fr\/index.php\/lieux-prives\/","title":{"rendered":"Lieux priv\u00e9s"},"content":{"rendered":"\n<h2 class=\"wp-block-heading has-text-align-center\">Nos propositions de lieux Priv\u00e9s<\/h2>\n\n\n\n<p>Bienvenue sur notre page d\u00e9di\u00e9e aux \u00ab\u00a0Lieux priv\u00e9s\u00a0\u00bb, o\u00f9 nous avons le plaisir de vous pr\u00e9senter des espaces exclusifs n\u00e9goci\u00e9s sp\u00e9cialement pour vous offrir une exp\u00e9rience de pique-nique chic inoubliable. <\/p>\n\n\n\n<p><\/p>\n\n\n\n<h3 class=\"wp-block-heading\"><strong>A mon domicile<\/strong><\/h3>\n\n\n\n<p><strong>Disponibilit\u00e9 <\/strong>: Toute l&rsquo;ann\u00e9e en semaine et weekend&nbsp;<\/p>\n\n\n\n<p>Je vous propose de venir vous ressourcer dans mon charmant jardin o\u00f9 le calme reste \u00e0 l&rsquo;honneur, au c\u0153ur du vieux village class\u00e9 historique de Tencin.&nbsp;<\/p>\n\n\n\n<p>Vous pourrez admirer un olivier import\u00e9 d&rsquo;Italie vieux de plus de 100 ans, un grand mur authentique d&rsquo;une vielle grange ainsi qu&rsquo;une vue sur le massif de la chartreuse.&nbsp;<\/p>\n\n\n\n<p>Deux places priv\u00e9es et s\u00e9curis\u00e9es sont disponibles pour vos voitures.&nbsp;<\/p>\n\n\n\n<p>Vous ferez certainement la connaissance de mes deux chats Hawa\u00ef et Poupa qui adorent se faire c\u00e2liner sous la Bulle si vous leur en donnez la permission !&nbsp;<\/p>\n\n\n\n<p>Pour plus d&rsquo;intimit\u00e9, je m&rsquo;en vais de mon domicile lors de votre prestation !&nbsp;<\/p>\n\n\n\n<p>Sur Tencin (adresse pr\u00e9cise communiqu\u00e9e lors de votre r\u00e9servation)<\/p>\n\n\n\n<div class=\"wp-block-columns is-layout-flex wp-container-core-columns-is-layout-1 wp-block-columns-is-layout-flex\">\n<div class=\"wp-block-column is-layout-flow wp-block-column-is-layout-flow\" style=\"flex-basis:100%\">\n<figure class=\"wp-block-image size-large\"><img loading=\"lazy\" decoding=\"async\" width=\"1024\" height=\"576\" src=\"https:\/\/bulle-d-or.fr\/wp-content\/uploads\/2024\/09\/PXL_20240916_0842441472-1024x576.jpg\" alt=\"\" class=\"wp-image-1101\" srcset=\"https:\/\/bulle-d-or.fr\/wp-content\/uploads\/2024\/09\/PXL_20240916_0842441472-1024x576.jpg 1024w, https:\/\/bulle-d-or.fr\/wp-content\/uploads\/2024\/09\/PXL_20240916_0842441472-300x169.jpg 300w, https:\/\/bulle-d-or.fr\/wp-content\/uploads\/2024\/09\/PXL_20240916_0842441472-768x432.jpg 768w, https:\/\/bulle-d-or.fr\/wp-content\/uploads\/2024\/09\/PXL_20240916_0842441472-1536x865.jpg 1536w, https:\/\/bulle-d-or.fr\/wp-content\/uploads\/2024\/09\/PXL_20240916_0842441472.jpg 1613w\" sizes=\"(max-width: 1024px) 100vw, 1024px\" \/><\/figure>\n\n\n\n<figure class=\"wp-block-image size-large\"><img loading=\"lazy\" decoding=\"async\" width=\"1024\" height=\"518\" src=\"https:\/\/bulle-d-or.fr\/wp-content\/uploads\/2024\/09\/PXL_20240916_0843342442-1024x518.jpg\" alt=\"\" class=\"wp-image-1100\" srcset=\"https:\/\/bulle-d-or.fr\/wp-content\/uploads\/2024\/09\/PXL_20240916_0843342442-1024x518.jpg 1024w, https:\/\/bulle-d-or.fr\/wp-content\/uploads\/2024\/09\/PXL_20240916_0843342442-300x152.jpg 300w, https:\/\/bulle-d-or.fr\/wp-content\/uploads\/2024\/09\/PXL_20240916_0843342442-768x389.jpg 768w, https:\/\/bulle-d-or.fr\/wp-content\/uploads\/2024\/09\/PXL_20240916_0843342442-1536x777.jpg 1536w, https:\/\/bulle-d-or.fr\/wp-content\/uploads\/2024\/09\/PXL_20240916_0843342442.jpg 1613w\" sizes=\"(max-width: 1024px) 100vw, 1024px\" \/><\/figure>\n\n\n\n<figure class=\"wp-block-image size-large\"><img loading=\"lazy\" decoding=\"async\" width=\"1024\" height=\"576\" src=\"https:\/\/bulle-d-or.fr\/wp-content\/uploads\/2024\/09\/PXL_20240916_0845355312-1024x576.jpg\" alt=\"\" class=\"wp-image-1102\" srcset=\"https:\/\/bulle-d-or.fr\/wp-content\/uploads\/2024\/09\/PXL_20240916_0845355312-1024x576.jpg 1024w, https:\/\/bulle-d-or.fr\/wp-content\/uploads\/2024\/09\/PXL_20240916_0845355312-300x169.jpg 300w, https:\/\/bulle-d-or.fr\/wp-content\/uploads\/2024\/09\/PXL_20240916_0845355312-768x432.jpg 768w, https:\/\/bulle-d-or.fr\/wp-content\/uploads\/2024\/09\/PXL_20240916_0845355312-1536x865.jpg 1536w, https:\/\/bulle-d-or.fr\/wp-content\/uploads\/2024\/09\/PXL_20240916_0845355312.jpg 1613w\" sizes=\"(max-width: 1024px) 100vw, 1024px\" \/><\/figure>\n<\/div>\n<\/div>\n\n\n\n<div class=\"wp-block-columns are-vertically-aligned-top is-layout-flex wp-container-core-columns-is-layout-2 wp-block-columns-is-layout-flex\">\n<div class=\"wp-block-column is-vertically-aligned-top is-layout-flow wp-block-column-is-layout-flow\">\n<figure class=\"wp-block-image alignleft size-full is-resized\"><img loading=\"lazy\" decoding=\"async\" width=\"692\" height=\"743\" src=\"https:\/\/bulle-d-or.fr\/wp-content\/uploads\/2024\/09\/IMG_20190629_1340002-1.jpg\" alt=\"\" class=\"wp-image-1135\" style=\"width:391px;height:auto\" srcset=\"https:\/\/bulle-d-or.fr\/wp-content\/uploads\/2024\/09\/IMG_20190629_1340002-1.jpg 692w, https:\/\/bulle-d-or.fr\/wp-content\/uploads\/2024\/09\/IMG_20190629_1340002-1-279x300.jpg 279w\" sizes=\"(max-width: 692px) 100vw, 692px\" \/><\/figure>\n<\/div>\n\n\n\n<div class=\"wp-block-column is-vertically-aligned-top is-layout-flow wp-block-column-is-layout-flow\">\n<figure class=\"wp-block-image aligncenter size-full is-resized\"><img loading=\"lazy\" decoding=\"async\" width=\"922\" height=\"692\" src=\"https:\/\/bulle-d-or.fr\/wp-content\/uploads\/2024\/09\/IMG_20190127_1241493.jpg\" alt=\"\" class=\"wp-image-1136\" style=\"width:434px;height:auto\" srcset=\"https:\/\/bulle-d-or.fr\/wp-content\/uploads\/2024\/09\/IMG_20190127_1241493.jpg 922w, https:\/\/bulle-d-or.fr\/wp-content\/uploads\/2024\/09\/IMG_20190127_1241493-300x225.jpg 300w, https:\/\/bulle-d-or.fr\/wp-content\/uploads\/2024\/09\/IMG_20190127_1241493-768x576.jpg 768w\" sizes=\"(max-width: 922px) 100vw, 922px\" \/><\/figure>\n<\/div>\n<\/div>\n\n\n\n<p><\/p>\n\n\n\n<h3 class=\"wp-block-heading has-medium-font-size\"><strong>Ch\u00e8vrerie de Theys : Une Immersion Naturelle et Authentique<\/strong><\/h3>\n\n\n\n<p><strong>Disponibilit\u00e9 <\/strong>: Toute l&rsquo;ann\u00e9e en semaine et weekend<\/p>\n\n\n\n<p>Notre premi\u00e8re perle rare est la magnifique Ch\u00e8vrerie de Theys, un lieu en plein c\u0153ur de la nature o\u00f9 convivialit\u00e9 et s\u00e9r\u00e9nit\u00e9 se rencontrent pour cr\u00e9er des moments magiques.<\/p>\n\n\n\n<p>Nich\u00e9e dans un \u00e9crin de verdure, la Ch\u00e8vrerie de Theys vous invite \u00e0 un voyage sensoriel unique. Imaginez-vous assis au milieu d&rsquo;un paisible troupeau de ch\u00e8vres et de poneys, sous le ciel bleu, entour\u00e9 par les sommets majestueux du massif de la Chartreuse. C&rsquo;est une occasion rare de vous connecter \u00e0 la nature tout en d\u00e9gustant des mets d\u00e9licats et raffin\u00e9s, pr\u00e9par\u00e9s sp\u00e9cialement pour vous. Possibilit\u00e9 de vous rendre \u00e0 la ch\u00e8vrerie pour y d\u00e9couvrir d&rsquo;excellents fromages locaux.<\/p>\n\n\n\n<p class=\"has-text-align-center\"><a href=\"https:\/\/www.google.com\/maps\/place\/La+Ch%C3%A8vrerie+des+7+Laux\/@45.2932923,5.9915045,17z\/data=!3m1!4b1!4m6!3m5!1s0x478a45400b89d987:0xe641dfa9b2032b31!8m2!3d45.2932886!4d5.9940794!16s%2Fg%2F11j0qxqbny?entry=ttu\" target=\"_blank\" rel=\"noreferrer noopener\"><i class=\"fas fa-location-dot\"><\/i> Voir sur une carte<\/a><\/p>\n\n\n\n<div class=\"wp-block-columns is-layout-flex wp-container-core-columns-is-layout-3 wp-block-columns-is-layout-flex\">\n<div class=\"wp-block-column is-layout-flow wp-block-column-is-layout-flow\">\n<figure class=\"wp-block-image size-full\"><img loading=\"lazy\" decoding=\"async\" width=\"499\" height=\"664\" src=\"https:\/\/bulle-d-or.fr\/wp-content\/uploads\/2024\/04\/2020-12-15.jpg\" alt=\"\" class=\"wp-image-760\" srcset=\"https:\/\/bulle-d-or.fr\/wp-content\/uploads\/2024\/04\/2020-12-15.jpg 499w, https:\/\/bulle-d-or.fr\/wp-content\/uploads\/2024\/04\/2020-12-15-225x300.jpg 225w\" sizes=\"(max-width: 499px) 100vw, 499px\" \/><\/figure>\n<\/div>\n\n\n\n<div class=\"wp-block-column is-layout-flow wp-block-column-is-layout-flow\">\n<figure class=\"wp-block-image size-large is-resized\"><img loading=\"lazy\" decoding=\"async\" width=\"653\" height=\"1024\" src=\"https:\/\/bulle-d-or.fr\/wp-content\/uploads\/2024\/04\/WhatsApp-Image-2024-04-05-at-13.52.06-653x1024.jpeg\" alt=\"\" class=\"wp-image-745\" style=\"width:369px;height:auto\" srcset=\"https:\/\/bulle-d-or.fr\/wp-content\/uploads\/2024\/04\/WhatsApp-Image-2024-04-05-at-13.52.06-653x1024.jpeg 653w, https:\/\/bulle-d-or.fr\/wp-content\/uploads\/2024\/04\/WhatsApp-Image-2024-04-05-at-13.52.06-191x300.jpeg 191w, https:\/\/bulle-d-or.fr\/wp-content\/uploads\/2024\/04\/WhatsApp-Image-2024-04-05-at-13.52.06-768x1205.jpeg 768w, https:\/\/bulle-d-or.fr\/wp-content\/uploads\/2024\/04\/WhatsApp-Image-2024-04-05-at-13.52.06-979x1536.jpeg 979w, https:\/\/bulle-d-or.fr\/wp-content\/uploads\/2024\/04\/WhatsApp-Image-2024-04-05-at-13.52.06.jpeg 1134w\" sizes=\"(max-width: 653px) 100vw, 653px\" \/><\/figure>\n<\/div>\n<\/div>\n\n\n\n<p><\/p>\n\n\n\n<h3 class=\"wp-block-heading has-medium-font-size\"><strong><strong>Champ sur les hauteurs de Corenc<\/strong><\/strong><\/h3>\n\n\n\n<p><strong>Disponibilit\u00e9 <\/strong>: Toute l&rsquo;ann\u00e9e en semaine et weekend<\/p>\n\n\n\n<p>D\u00e9couvrez un havre de paix sur les hauteurs de Corenc, un lieu idyllique pour votre prochain pique-nique chic, nich\u00e9 entre un champ et une for\u00eat, \u00e0 proximit\u00e9 de Meylan. <\/p>\n\n\n\n<p>Ce site enchanteur en pleine nature est l&rsquo;endroit parfait pour ceux qui cherchent \u00e0 s&rsquo;\u00e9vader du tumulte quotidien et \u00e0 se reconnecter avec la nature. <\/p>\n\n\n\n<p>Vous pourriez avec un peu de chance apercevoir des animaux sauvages dans leur habitat naturel. Ce site offre des possibilit\u00e9s de belles balades. <\/p>\n\n\n\n<p>A quelques pas de ce champ se trouve la ferme Pr\u00e9-Morin qui propose des produits de la ferme (\u0153ufs, viandes charolaises etc)<\/p>\n\n\n\n<div class=\"wp-block-columns is-layout-flex wp-container-core-columns-is-layout-4 wp-block-columns-is-layout-flex\">\n<div class=\"wp-block-column is-layout-flow wp-block-column-is-layout-flow\">\n<figure class=\"wp-block-image aligncenter size-large\"><img loading=\"lazy\" decoding=\"async\" width=\"780\" height=\"1024\" src=\"https:\/\/bulle-d-or.fr\/wp-content\/uploads\/2024\/05\/WhatsApp-Image-2024-05-12-at-23.56.14-780x1024.jpeg\" alt=\"\" class=\"wp-image-835\" srcset=\"https:\/\/bulle-d-or.fr\/wp-content\/uploads\/2024\/05\/WhatsApp-Image-2024-05-12-at-23.56.14-780x1024.jpeg 780w, https:\/\/bulle-d-or.fr\/wp-content\/uploads\/2024\/05\/WhatsApp-Image-2024-05-12-at-23.56.14-229x300.jpeg 229w, https:\/\/bulle-d-or.fr\/wp-content\/uploads\/2024\/05\/WhatsApp-Image-2024-05-12-at-23.56.14-768x1008.jpeg 768w, https:\/\/bulle-d-or.fr\/wp-content\/uploads\/2024\/05\/WhatsApp-Image-2024-05-12-at-23.56.14.jpeg 1134w\" sizes=\"(max-width: 780px) 100vw, 780px\" \/><\/figure>\n<\/div>\n\n\n\n<div class=\"wp-block-column is-layout-flow wp-block-column-is-layout-flow\">\n<figure class=\"wp-block-image aligncenter size-large is-resized\"><img loading=\"lazy\" decoding=\"async\" width=\"576\" height=\"1024\" src=\"https:\/\/bulle-d-or.fr\/wp-content\/uploads\/2024\/05\/WhatsApp-Image-2024-05-12-at-23.56.15-576x1024.jpeg\" alt=\"\" class=\"wp-image-836\" style=\"width:322px;height:auto\" srcset=\"https:\/\/bulle-d-or.fr\/wp-content\/uploads\/2024\/05\/WhatsApp-Image-2024-05-12-at-23.56.15-576x1024.jpeg 576w, https:\/\/bulle-d-or.fr\/wp-content\/uploads\/2024\/05\/WhatsApp-Image-2024-05-12-at-23.56.15-169x300.jpeg 169w, https:\/\/bulle-d-or.fr\/wp-content\/uploads\/2024\/05\/WhatsApp-Image-2024-05-12-at-23.56.15-768x1365.jpeg 768w, https:\/\/bulle-d-or.fr\/wp-content\/uploads\/2024\/05\/WhatsApp-Image-2024-05-12-at-23.56.15-864x1536.jpeg 864w, https:\/\/bulle-d-or.fr\/wp-content\/uploads\/2024\/05\/WhatsApp-Image-2024-05-12-at-23.56.15.jpeg 900w\" sizes=\"(max-width: 576px) 100vw, 576px\" \/><\/figure>\n<\/div>\n<\/div>\n\n\n\n<p class=\"has-text-align-center\"><a href=\"https:\/\/maps.app.goo.gl\/VMJHxL7RpnLKEJDB7\" target=\"_blank\" rel=\"noreferrer noopener\"><i class=\"fas fa-location-dot\"><\/i> Voir sur une carte<\/a><\/p>\n\n\n\n<h3 class=\"wp-block-heading has-medium-font-size\"><\/h3>\n\n\n\n<h3 class=\"wp-block-heading has-medium-font-size\">D&rsquo;autres lieux sont en cours de d\u00e9couverte pour votre plus grand plaisir&#8230;<\/h3>\n\n\n\n<p>N&rsquo;h\u00e9sitez pas \u00e0 revenir r\u00e9guli\u00e8rement notre page pour d\u00e9couvrir les nouveaux lieux que nous avons \u00e0 vous proposer<\/p>\n","protected":false},"excerpt":{"rendered":"<p>Nos propositions de lieux Priv\u00e9s Bienvenue sur notre page d\u00e9di\u00e9e aux \u00ab\u00a0Lieux priv\u00e9s\u00a0\u00bb, o\u00f9 nous [&hellip;]<\/p>\n","protected":false},"author":1,"featured_media":0,"parent":0,"menu_order":0,"comment_status":"closed","ping_status":"closed","template":"","meta":{"footnotes":""},"class_list":["post-717","page","type-page","status-publish","hentry"],"yoast_head":"<!-- This site is optimized with the Yoast SEO plugin v24.3 - https:\/\/yoast.com\/wordpress\/plugins\/seo\/ -->\n<title>Lieux priv\u00e9s - Bulle Or<\/title>\n<meta name=\"robots\" content=\"index, follow, max-snippet:-1, max-image-preview:large, max-video-preview:-1\" \/>\n<link rel=\"canonical\" href=\"https:\/\/bulle-d-or.fr\/index.php\/lieux-prives\/\" \/>\n<meta property=\"og:locale\" content=\"fr_FR\" \/>\n<meta property=\"og:type\" content=\"article\" \/>\n<meta property=\"og:title\" content=\"Lieux priv\u00e9s - Bulle Or\" \/>\n<meta property=\"og:description\" content=\"Nos propositions de lieux Priv\u00e9s Bienvenue sur notre page d\u00e9di\u00e9e aux \u00ab\u00a0Lieux priv\u00e9s\u00a0\u00bb, o\u00f9 nous [&hellip;]\" \/>\n<meta property=\"og:url\" content=\"https:\/\/bulle-d-or.fr\/index.php\/lieux-prives\/\" \/>\n<meta property=\"og:site_name\" content=\"Bulle Or\" \/>\n<meta property=\"article:modified_time\" content=\"2025-02-20T12:55:34+00:00\" \/>\n<meta property=\"og:image\" content=\"https:\/\/bulle-d-or.fr\/wp-content\/uploads\/2024\/09\/PXL_20240916_0842441472.jpg\" \/>\n\t<meta property=\"og:image:width\" content=\"1613\" \/>\n\t<meta property=\"og:image:height\" content=\"908\" \/>\n\t<meta property=\"og:image:type\" content=\"image\/jpeg\" \/>\n<meta name=\"twitter:card\" content=\"summary_large_image\" \/>\n<meta name=\"twitter:label1\" content=\"Dur\u00e9e de lecture estim\u00e9e\" \/>\n\t<meta name=\"twitter:data1\" content=\"4 minutes\" \/>\n<script type=\"application\/ld+json\" class=\"yoast-schema-graph\">{\"@context\":\"https:\/\/schema.org\",\"@graph\":[{\"@type\":\"WebPage\",\"@id\":\"https:\/\/bulle-d-or.fr\/index.php\/lieux-prives\/\",\"url\":\"https:\/\/bulle-d-or.fr\/index.php\/lieux-prives\/\",\"name\":\"Lieux priv\u00e9s - Bulle Or\",\"isPartOf\":{\"@id\":\"https:\/\/bulle-d-or.fr\/#website\"},\"primaryImageOfPage\":{\"@id\":\"https:\/\/bulle-d-or.fr\/index.php\/lieux-prives\/#primaryimage\"},\"image\":{\"@id\":\"https:\/\/bulle-d-or.fr\/index.php\/lieux-prives\/#primaryimage\"},\"thumbnailUrl\":\"https:\/\/bulle-d-or.fr\/wp-content\/uploads\/2024\/09\/PXL_20240916_0842441472-1024x576.jpg\",\"datePublished\":\"2024-04-04T18:49:08+00:00\",\"dateModified\":\"2025-02-20T12:55:34+00:00\",\"breadcrumb\":{\"@id\":\"https:\/\/bulle-d-or.fr\/index.php\/lieux-prives\/#breadcrumb\"},\"inLanguage\":\"fr-FR\",\"potentialAction\":[{\"@type\":\"ReadAction\",\"target\":[\"https:\/\/bulle-d-or.fr\/index.php\/lieux-prives\/\"]}]},{\"@type\":\"ImageObject\",\"inLanguage\":\"fr-FR\",\"@id\":\"https:\/\/bulle-d-or.fr\/index.php\/lieux-prives\/#primaryimage\",\"url\":\"https:\/\/bulle-d-or.fr\/wp-content\/uploads\/2024\/09\/PXL_20240916_0842441472.jpg\",\"contentUrl\":\"https:\/\/bulle-d-or.fr\/wp-content\/uploads\/2024\/09\/PXL_20240916_0842441472.jpg\",\"width\":1613,\"height\":908},{\"@type\":\"BreadcrumbList\",\"@id\":\"https:\/\/bulle-d-or.fr\/index.php\/lieux-prives\/#breadcrumb\",\"itemListElement\":[{\"@type\":\"ListItem\",\"position\":1,\"name\":\"Home\",\"item\":\"https:\/\/bulle-d-or.fr\/\"},{\"@type\":\"ListItem\",\"position\":2,\"name\":\"Lieux priv\u00e9s\"}]},{\"@type\":\"WebSite\",\"@id\":\"https:\/\/bulle-d-or.fr\/#website\",\"url\":\"https:\/\/bulle-d-or.fr\/\",\"name\":\"Bulle Or\",\"description\":\"Activit\u00e9 insolite de Pique-Nique Chic sous Bulle Transparente dans le Gr\u00e9sivaudan pr\u00e9s de Grenoble\",\"publisher\":{\"@id\":\"https:\/\/bulle-d-or.fr\/#organization\"},\"alternateName\":\"Exp\u00e9rience de Pique-Nique Chic sous Bulle Transparente dans le Gr\u00e9sivaudan\",\"potentialAction\":[{\"@type\":\"SearchAction\",\"target\":{\"@type\":\"EntryPoint\",\"urlTemplate\":\"https:\/\/bulle-d-or.fr\/?s={search_term_string}\"},\"query-input\":{\"@type\":\"PropertyValueSpecification\",\"valueRequired\":true,\"valueName\":\"search_term_string\"}}],\"inLanguage\":\"fr-FR\"},{\"@type\":\"Organization\",\"@id\":\"https:\/\/bulle-d-or.fr\/#organization\",\"name\":\"Bulle Or\",\"url\":\"https:\/\/bulle-d-or.fr\/\",\"logo\":{\"@type\":\"ImageObject\",\"inLanguage\":\"fr-FR\",\"@id\":\"https:\/\/bulle-d-or.fr\/#\/schema\/logo\/image\/\",\"url\":\"https:\/\/bulle-d-or.fr\/wp-content\/uploads\/2024\/02\/bulle-d-or.png\",\"contentUrl\":\"https:\/\/bulle-d-or.fr\/wp-content\/uploads\/2024\/02\/bulle-d-or.png\",\"width\":927,\"height\":343,\"caption\":\"Bulle Or\"},\"image\":{\"@id\":\"https:\/\/bulle-d-or.fr\/#\/schema\/logo\/image\/\"}}]}<\/script>\n<!-- \/ Yoast SEO plugin. -->","yoast_head_json":{"title":"Lieux priv\u00e9s - Bulle Or","robots":{"index":"index","follow":"follow","max-snippet":"max-snippet:-1","max-image-preview":"max-image-preview:large","max-video-preview":"max-video-preview:-1"},"canonical":"https:\/\/bulle-d-or.fr\/index.php\/lieux-prives\/","og_locale":"fr_FR","og_type":"article","og_title":"Lieux priv\u00e9s - Bulle Or","og_description":"Nos propositions de lieux Priv\u00e9s Bienvenue sur notre page d\u00e9di\u00e9e aux \u00ab\u00a0Lieux priv\u00e9s\u00a0\u00bb, o\u00f9 nous [&hellip;]","og_url":"https:\/\/bulle-d-or.fr\/index.php\/lieux-prives\/","og_site_name":"Bulle Or","article_modified_time":"2025-02-20T12:55:34+00:00","og_image":[{"width":1613,"height":908,"url":"https:\/\/bulle-d-or.fr\/wp-content\/uploads\/2024\/09\/PXL_20240916_0842441472.jpg","type":"image\/jpeg"}],"twitter_card":"summary_large_image","twitter_misc":{"Dur\u00e9e de lecture estim\u00e9e":"4 minutes"},"schema":{"@context":"https:\/\/schema.org","@graph":[{"@type":"WebPage","@id":"https:\/\/bulle-d-or.fr\/index.php\/lieux-prives\/","url":"https:\/\/bulle-d-or.fr\/index.php\/lieux-prives\/","name":"Lieux priv\u00e9s - Bulle Or","isPartOf":{"@id":"https:\/\/bulle-d-or.fr\/#website"},"primaryImageOfPage":{"@id":"https:\/\/bulle-d-or.fr\/index.php\/lieux-prives\/#primaryimage"},"image":{"@id":"https:\/\/bulle-d-or.fr\/index.php\/lieux-prives\/#primaryimage"},"thumbnailUrl":"https:\/\/bulle-d-or.fr\/wp-content\/uploads\/2024\/09\/PXL_20240916_0842441472-1024x576.jpg","datePublished":"2024-04-04T18:49:08+00:00","dateModified":"2025-02-20T12:55:34+00:00","breadcrumb":{"@id":"https:\/\/bulle-d-or.fr\/index.php\/lieux-prives\/#breadcrumb"},"inLanguage":"fr-FR","potentialAction":[{"@type":"ReadAction","target":["https:\/\/bulle-d-or.fr\/index.php\/lieux-prives\/"]}]},{"@type":"ImageObject","inLanguage":"fr-FR","@id":"https:\/\/bulle-d-or.fr\/index.php\/lieux-prives\/#primaryimage","url":"https:\/\/bulle-d-or.fr\/wp-content\/uploads\/2024\/09\/PXL_20240916_0842441472.jpg","contentUrl":"https:\/\/bulle-d-or.fr\/wp-content\/uploads\/2024\/09\/PXL_20240916_0842441472.jpg","width":1613,"height":908},{"@type":"BreadcrumbList","@id":"https:\/\/bulle-d-or.fr\/index.php\/lieux-prives\/#breadcrumb","itemListElement":[{"@type":"ListItem","position":1,"name":"Home","item":"https:\/\/bulle-d-or.fr\/"},{"@type":"ListItem","position":2,"name":"Lieux priv\u00e9s"}]},{"@type":"WebSite","@id":"https:\/\/bulle-d-or.fr\/#website","url":"https:\/\/bulle-d-or.fr\/","name":"Bulle Or","description":"Activit\u00e9 insolite de Pique-Nique Chic sous Bulle Transparente dans le Gr\u00e9sivaudan pr\u00e9s de Grenoble","publisher":{"@id":"https:\/\/bulle-d-or.fr\/#organization"},"alternateName":"Exp\u00e9rience de Pique-Nique Chic sous Bulle Transparente dans le Gr\u00e9sivaudan","potentialAction":[{"@type":"SearchAction","target":{"@type":"EntryPoint","urlTemplate":"https:\/\/bulle-d-or.fr\/?s={search_term_string}"},"query-input":{"@type":"PropertyValueSpecification","valueRequired":true,"valueName":"search_term_string"}}],"inLanguage":"fr-FR"},{"@type":"Organization","@id":"https:\/\/bulle-d-or.fr\/#organization","name":"Bulle Or","url":"https:\/\/bulle-d-or.fr\/","logo":{"@type":"ImageObject","inLanguage":"fr-FR","@id":"https:\/\/bulle-d-or.fr\/#\/schema\/logo\/image\/","url":"https:\/\/bulle-d-or.fr\/wp-content\/uploads\/2024\/02\/bulle-d-or.png","contentUrl":"https:\/\/bulle-d-or.fr\/wp-content\/uploads\/2024\/02\/bulle-d-or.png","width":927,"height":343,"caption":"Bulle Or"},"image":{"@id":"https:\/\/bulle-d-or.fr\/#\/schema\/logo\/image\/"}}]}},"_links":{"self":[{"href":"https:\/\/bulle-d-or.fr\/index.php\/wp-json\/wp\/v2\/pages\/717"}],"collection":[{"href":"https:\/\/bulle-d-or.fr\/index.php\/wp-json\/wp\/v2\/pages"}],"about":[{"href":"https:\/\/bulle-d-or.fr\/index.php\/wp-json\/wp\/v2\/types\/page"}],"author":[{"embeddable":true,"href":"https:\/\/bulle-d-or.fr\/index.php\/wp-json\/wp\/v2\/users\/1"}],"replies":[{"embeddable":true,"href":"https:\/\/bulle-d-or.fr\/index.php\/wp-json\/wp\/v2\/comments?post=717"}],"version-history":[{"count":21,"href":"https:\/\/bulle-d-or.fr\/index.php\/wp-json\/wp\/v2\/pages\/717\/revisions"}],"predecessor-version":[{"id":1203,"href":"https:\/\/bulle-d-or.fr\/index.php\/wp-json\/wp\/v2\/pages\/717\/revisions\/1203"}],"wp:attachment":[{"href":"https:\/\/bulle-d-or.fr\/index.php\/wp-json\/wp\/v2\/media?parent=717"}],"curies":[{"name":"wp","href":"https:\/\/api.w.org\/{rel}","templated":true}]}}